+ f. List the prime factors of o.
2, 3, 7
Let q = 195 + -163. Let l = 190 - q. What are the prime factors of l?
2, 79
Let i = -228 + 227. Let k(p) = -541*p - 27. What are the prime factors of k(i)?
2, 257
Let b(g) = 6*g + 3. Let a(h) = -h**2 + 13*h + 7. Let r(y) = -4*a(y) + 9*b(y). Let i be r(1). Suppose 0 = i*q - 34 + 19. What are the prime factors of q?
3
Let c be (5 - 3)/(4 - 3) + 466. Suppose -c + 1686 = 14*x. What are the prime factors of x?
3, 29
Suppose 0 = -2*g + 10327 + 2629. What are the prime factors of g?
2, 41, 79
Let a(d) = d. Let m(r) = 10*r - 19. Let q(u) = -6*a(u) + m(u). Let l be q(-11). Let v = l + 113. What are the prime factors of v?
2, 5
Let z = 75 - 71. Let d(g) = 2*g**2 - 18*g + 25. Let v(b) = 3*b**2 - 18*b + 26. Let w(i) = z*d(i) - 3*v(i). What are the prime factors of w(-11)?
3, 11
Let l(v) = 4*v**2 - 13*v + 8. Let b be l(1). What are the prime factors of (-2 - 1 - b)/((-7)/196)?
2, 7
Let k be ((-21)/(-35))/((-4)/20). Let n(h) = -2*h**2 - 2*h + 9. Let g be n(k). What are the prime factors of g/(-5) + 274/10?
2, 7
Let k = 1849 + 7241. What are the prime factors of k?
2, 3, 5, 101
Let h be (-153)/6*(-9)/((-27)/8). Let x = -346 + 500. Let b = x + h. What are the prime factors of b?
2, 43
Suppose 106*j - 8220 = 104*j. Suppose 273 + j = 9*a. What are the prime factors of a?
487
Let p = -696 + 683. Let k(a) = -2*a**2 - 40*a - 37. Let t(l) = l**2 + 20*l + 18. Let u(f) = -3*k(f) - 7*t(f). List the prime factors of u(p).
2, 19
List the prime factors of ((-6964)/8)/(6 + ((-2277)/162 - -8)).
3, 1741
Let q be (18 - 20) + (0 - -10). What are the prime factors of (q - 2) + -2 - -50?
2, 3
Let k = -667 - -469. Let d = k + 359. List the prime factors of d.
7, 23
Let d(k) = -5*k**2 - 9*k + 15. Let c(n) = -n**2 + n - 1. Let o(s) = 6*c(s) - d(s). Let b be o(14). Let i = b + 227. List the prime factors of i.
2, 5, 11
What are the prime factors of (-12 - (-22374)/63)/(1/56)?
2, 1201
Let x = -270 + 274. Suppose 0 = -4*w - 3*d - 199 + 824, x*d + 161 = w. What are the prime factors of w?
157
Let z(v) = 150*v**2 - 57*v + 22. What are the prime factors of z(-6)?
2, 11, 131
Let b = 31366 + 17860. List the prime factors of b.
2, 151, 163
List the prime factors of ((13/(-2))/(-1))/(15 + (-742343)/49490).
5, 7, 13, 101
Let r = -6277 - -15822. What are the prime factors of r?
5, 23, 83
Let m(q) = 87*q + 112. List the prime factors of m(13).
11, 113
Let h(w) = w**3 + 5*w**2 + 3*w - 9. Let c be (-8)/(4 + -2 + 0). Let r be h(c). Let t = 26 + r. What are the prime factors of t?
3, 7
Let o(k) = 23*k - 172. Suppose 2*v - 3*r + 29 = 3*v, 0 = 4*v + r - 61. List the prime factors of o(v).
2, 3, 5
Suppose 5*x - 5775 = -45*d + 43*d, 2*d - 5765 = 5*x. List the prime factors of d.
5, 577
Let b(t) = t**3 + 5*t**2 - 13*t + 7. Let j be b(-7). Let x be j/((4 + -8)*1). Suppose x = -6*m + 191 + 25. List the prime factors of m.
2, 3
Suppose -3*i + 376 - 7 = 0. Suppose o + i = 4*o. Let c = 6 + o. What are the prime factors of c?
47
Let j = 165 - 163. List the prime factors of ((-109)/2)/(((-11)/j)/11).
109
Let f(r) = r**2 - 24*r - 20. Let x be f(25). Suppose -x*g = g - 438. What are the prime factors of g?
73
Let s(r) = 4*r**2 - 4*r - 6. Let w be s(2). Suppose -1338 = -w*k - 2*p + 60, 4*k - 2793 = -p. List the prime factors of k.
2, 349
Let y = -7 - -59. Let t = y - 56. What are the prime factors of 3 - (-80 + t/2)?
5, 17
What are the prime factors of 52/36 + -1 - (0 + 2020858/(-126))?
43, 373
Let s be (9/((-135)/110))/(2/3). Let p = 48 + s. Suppose -p + 163 = 3*j. What are the prime factors of j?
2, 3, 7
Suppose 3*l + 12 = 3*b, -5*b + 2*l - 1 = -9. Suppose b = -w + 312 + 261. What are the prime factors of w?
3, 191
Suppose -3*m + 2*t + 1 = 0, 0 = m + 2*t - 5*t + 9. Suppose 0 = m*h - 6, 6*o = 3*o + h + 997. List the prime factors of o.
3, 37
What are the prime factors of ((-1490)/20*74)/(2*3/(-6))?
37, 149
List the prime factors of (-6 - 675/(-36))/(6/112).
2, 7, 17
Suppose 5*g + 20 = 0, 12*j - 11*j - 2*g = 4553. What are the prime factors of j?
3, 5, 101
Let m = 7396 + 1462. What are the prime factors of m?
2, 43, 103
Let k(b) = -b**2 - 16*b - 36. Let j be k(-5). Suppose 3*y = -j*y + 9812. What are the prime factors of y?
2, 223
Let z(n) = -394*n + 951. What are the prime factors of z(-11)?
5, 7, 151
Suppose 2128951 = 56*l - 511505. What are the prime factors of l?
3, 13, 31
Suppose 262*x - x = 265176. What are the prime factors of x?
2, 127
Let z(f) = 4636*f + 3*f**2 + 656*f**3 - 2 - 4636*f. List the prime factors of z(1).
3, 73
Let r be (-39 - -3)*(-2)/3. Let o be 22/11 + (r - 1). Let j = o - -1. What are the prime factors of j?
2, 13
Let m(c) = c**2 + 4*c - 16. Let j(o) = -2 - 6*o - 10 - 13 + 15. Let n be j(-3). What are the prime factors of m(n)?
2, 5
Let g be (-96)/(9 + -5 - 5). Suppose 1660 = -92*b + g*b. What are the prime factors of b?
5, 83
Let u(v) = -920*v - 2543. List the prime factors of u(-17).
7, 1871
Let z(b) = -b**2 - 79*b + 186. What are the prime factors of z(-78)?
2, 3, 11
Let h be 672/((-20)/5) + -6. Let i = 180 + h. What are the prime factors of i?
2, 3
Let n(r) = -r**3 - 26*r**2 - 6*r - 52. Let c be 3/(-2)*(-13)/(-39)*52. What are the prime factors of n(c)?
2, 13
Suppose -5*n = -7 + 467. List the prime factors of 1779 - ((-27)/(-45) + n/20).
1783
Let d be 18/9 - (-186)/1. Suppose 0 = -3*r + i + 184, r - 5*i - d = -2*r. What are the prime factors of r?
61
Let x(w) = -760 + 4*w**2 + 879 - 9*w + 24*w. What are the prime factors of x(-16)?
3, 7, 43
Let c = -1448 + 7559. What are the prime factors of c?
3, 7, 97
Suppose 3*f + 3094 = 5*v, -f + 293 = 3*v - 1555. Suppose 4*o - s = 848, -3*s + 7*s - v = -3*o. What are the prime factors of o?
211
Let p = 16136 + 3478. What are the prime factors of p?
2, 3, 7, 467
Let b = -4619 + 5257. List the prime factors of b.
2, 11, 29
What are the prime factors of 4/(-18) + (-140)/126*-23006?
2, 12781
What are the prime factors of 1*(3783150/(-6))/(-21)?
5, 1201
Suppose -o = 46*y - 41*y - 9334, 3*y = 5*o - 46530. List the prime factors of o.
3, 29, 107
Suppose -4*y - 38 = 418. Suppose -141*q + 138*q = -537. Let b = q + y. List the prime factors of b.
5, 13
Let u(g) = -8*g - 14. Let l(x) = 10*x + 13. Let m(h) = 4*l(h) + 3*u(h). Let z be m(-5). List the prime factors of (-2 - 10)*z/8.
3, 5, 7
Suppose 4*k = 4*a - 28, 5*a - 3*k + 5*k = 28. Suppose 0 = a*g - 2720 - 7018. List the prime factors of g.
3, 541
Let j = 35 - 35. Let n be (j - 2/4*0) + 7. Suppose -5*h - r = -240, -6*h + 4*r = -n*h + 67. List the prime factors of h.
47
List the prime factors of (-570)/1330 - 450236/(-7).
64319
Suppose 10*y = -803 + 3533. Suppose -3*x = 5*f - 833, y = x - 0*x + 4*f. What are the prime factors of x?
281
Suppose -3*i = -2*i - 4*i. Suppose q = -4*u + 276, i*u - 4*q + 345 = 5*u. Suppose -u + 21 = -4*w. List the prime factors of w.
2, 3
Suppose -34*u = 53*u - 265698. List the prime factors of u.
2, 3, 509
Suppose 14 = -3*k - 5*l + l, -k - l = 3. Suppose -j + 441 = 5*h, k*j + 3*h - 767 - 101 = 0. What are the prime factors of j?
431
Suppose -3*v + 2*v = 3*d - 2162, -d + 718 = -v. Suppose -3*r + d = -h, -2*h + 13 = 7. List the prime factors of r.
241
Let d(u) be the first derivative of -8*u + 29 - 17/2*u**2. What are the prime factors of d(-9)?
5, 29
Suppose 7*n - t = 5*n + 26123, -n - t + 13069 = 0. List the prime factors of n.
2, 23, 71
Suppose j = -j - 28. Let m be (20/7)/((-2)/j). Suppose -k + 68 = m. What are the prime factors of k?
2, 3
Let d(g) = 730*g**2 + 21*g + 167. What are the prime factors of d(-6)?
26321
Suppose -3*h + 1079 = 188. Suppose -76*z = -72*z + 808. Let n = h + z. List the prime factors of n.
5, 19
Let h(o) = 51*o - 80*o + 156 - 98*o - 76*o. What are the prime factors of h(-4)?
2, 11
Suppose -3*u + j + 63045 = 0, -25910 = -2*u + 4*j + 16130. List the prime factors of u.
2, 7, 19, 79
Suppose -31*r + 82333 + 101280 = 0. What are the prime factors of r?
5923
Suppose 5*n + 17 = 2*f, 4*f = f - 2*n + 16. Let i(x) = x**3 - 26*x**2 + 162*x + 10. Let y be i(10). Let z = y - f. List the prime factors of z.
2, 3
Let c(m) = m**2 - 6*m + 20. Let h = -112 + 124. Let s be c(h). Suppose -89*b - 423 = -s*b. List the prime factors of b.
3, 47
Suppose -5*u - 5*c = -65, 3*c - 5*c = -3*u + 34. Suppose 4*j - 45 = m, 3*j + 2*m = 6*j